it of 3969194230?
9
What is the units digit of 25526478?
8
What is the hundred thousands digit of 533825315?
8
What is the units digit of 25631518?
8
What is the hundred thousands digit of 17156007?
1
What is the hundreds digit of 392445?
4
What is the thousands digit of 52068917?
8
What is the thousands digit of 13815197?
5
What is the tens digit of 5424373480?
8
What is the hundred thousands digit of 8401366578?
3
What is the hundreds digit of 16834327?
3
What is the millions digit of 5963140386?
3
What is the thousands digit of 60884264?
4
What is the units digit of 2293289?
9
What is the ten millions digit of 99104549?
9
What is the ten millions digit of 63686210?
6
What is the hundreds digit of 79897588?
5
What is the ten thousands digit of 1661932316?
3
What is the millions digit of 47517911?
7
What is the units digit of 23656762?
2
What is the tens digit of 1761387208?
0
What is the hundred thousands digit of 131210181?
2
What is the thousands digit of 122216930?
6
What is the ten millions digit of 46841363?
4
What is the billions digit of 3366688667?
3
What is the tens digit of 8887966?
6
What is the ten thousands digit of 831256951?
5
What is the hundred millions digit of 1168353635?
1
What is the hundred thousands digit of 23099208?
0
What is the hundred millions digit of 2158753106?
1
What is the hundred millions digit of 269675721?
2
What is the ten thousands digit of 2901113551?
1
What is the tens digit of 5039955?
5
What is the ten millions digit of 1032164755?
3
What is the hundred thousands digit of 39379461?
3
What is the units digit of 687681813?
3
What is the thousands digit of 189413850?
3
What is the hundred thousands digit of 40034066?
0
What is the tens digit of 138275601?
0
What is the ten millions digit of 316995843?
1
What is the tens digit of 39229370?
7
What is the units digit of 745312821?
1
What is the millions digit of 2280605239?
0
What is the millions digit of 29989854?
9
What is the millions digit of 1600347061?
0
What is the units digit of 1399831595?
5
What is the tens digit of 1025002726?
2
What is the hundred millions digit of 403427199?
4
What is the ten thousands digit of 30810856?
1
What is the ten millions digit of 1210346634?
1
What is the hundreds digit of 10735623?
6
What is the hundreds digit of 50059967?
9
What is the millions digit of 47666707?
7
What is the millions digit of 8990825?
8
What is the hundred millions digit of 898873544?
8
What is the millions digit of 114204414?
4
What is the millions digit of 263218826?
3
What is the millions digit of 137674718?
7
What is the millions digit of 45814665?
5
What is the millions digit of 99453269?
9
What is the hundreds digit of 4920367260?
2
What is the ten millions digit of 82097613?
8
What is the units digit of 384656993?
3
What is the thousands digit of 70251536?
1
What is the units digit of 218854804?
4
What is the units digit of 2924335618?
8
What is the ten thousands digit of 190593346?
9
What is the tens digit of 435399201?
0
What is the hundred thousands digit of 1928677091?
6
What is the ten millions digit of 301104235?
0
What is the thousands digit of 787676559?
6
What is the ten thousands digit of 179814655?
1
What is the hundred millions digit of 529117400?
5
What is the tens digit of 76827958?
5
What is the hundreds digit of 899953300?
3
What is the ten thousands digit of 2835724?
3
What is the ten thousands digit of 19454763?
5
What is the units digit of 104605457?
7
What is the ten millions digit of 74439367?
7
What is the hundreds digit of 1613298481?
4
What is the hundreds digit of 74804069?
0
What is the tens digit of 3987977106?
0
What is the hundred thousands digit of 735424439?
4
What is the ten millions digit of 153290844?
5
What is the hundreds digit of 304997495?
4
What is the thousands digit of 1470475378?
5
What is the hundred millions digit of 150249338?
1
What is the ten thousands digit of 50487447?
8
What is the ten thousands digit of 2005419183?
1
What is the thousands digit of 30528237?
8
What is the hundred thousands digit of 987914151?
9
What is the hundred thousands digit of 39475299?
4
What is the hundred thousands digit of 147517115?
5
What is the hundred thousands digit of 52220064?
2
What is the millions digit of 70019405?
0
What is the units digit of 1479967099?
9
What is the millions digit of 766533106?
6
What is the units digit of 29883601?
1
What is the thousands digit of 1114248015?
8
What is the ten millions digit of 867793230?
6
What is the millions digit of 5665254045?
5
What is the hundred thousands digit of 317731598?
7
What is the thousands digit of 43589824?
9
What is the ten millions digit of 151588338?
5
What is the thousands digit of 61899788?
9
What is the hundred millions digit of 1166668823?
1
What is the hundred thousands digit of 52538389?
5
What is the ten thousands digit of 66827570?
2
What is the hundred millions digit of 805255695?
8
What is the ten thousands digit of 103211035?
1
What is the hundreds digit of 1183958159?
1
What is the units digit of 1567001739?
9
What is the ten thousands digit of 70234509?
3
What is the units digit of 624352498?
8
What is the hundred thousands digit of 891985272?
9
What is the hundreds digit of 84046788?
7
What is the tens digit of 1651037694?
9
What is the hundred thousands digit of 148924738?
9
What is the tens digit of 1026423946?
4
What is the hundred thousands digit of 375523397?
5
What is the ten thousands digit of 153739515?
3
What is the tens digit of 71450918?
1
What is the hundreds digit of 41576046?
0
What is the thousands digit of 89496333?
6
What is the units digit of 622408907?
7
What is the ten thousands digit of 12510085?
1
What is the units digit of 33344130?
0
What is the ten millions digit of 255541547?
5
What is the thousands digit of 3335980905?
0
What is the tens digit of 23509349?
4
What is the ten thousands digit of 153167247?
6
What is the hundred millions digit of 299427338?
2
What is the hundred thousands digit of 102848188?
8
What is the thousands digit of 70416889?
6
What is the millions digit of 556152523?
6
What is the thousands digit of 26812057?
2
What is the ten millions digit of 82238105?
8
What is the hundreds digit of 479443454?
4
What is the ten thousands digit of 193243714?
4
What is the hundreds digit of 57994769?
7
What is the hundreds digit of 1261303282?
2
What is the ten millions digit of 24269249?
2
What is the hundreds digit of 7511041?
0
What is the tens digit of 1981148361?
6
What is the hundred millions digit of 265916164?
2
What is the millions digit of 554843157?
4
What is the tens digit of 110987765?
6
What is the tens digit of 9344253?
5
What is the tens digit of 842066481?
8
What is the tens digit of 722889533?
3
What is the tens digit of 5579215605?
0
What is the hundred thousands digit of 42496976?
4
What is the units digit of 150573830?
0
What is the hundred thousands digit of 32379179?
3
What is the thousands digit of 204375343?
5
What is the units digit of 42674052?
2
What is the hundreds digit of 2182584147?
1
What is the ten millions digit of 66362247?
6
What is the ten thousands digit of 55464600?
6
What is the hundred thousands digit of 30637798?
6
What is the hundred thousands digit of 122823788?
8
What is the units digit of 189965964?
4
What is the ten thousands digit of 598603891?
0
What is the hundreds digit of 209790873?
8
What is the hundred millions digit of 846363889?
8
What is the hundreds digit of 479362335?
3
What is the ten thousands digit of 190641070?
4
What is the thousands digit of 114001219?
1
What is the billions digit of 2065507204?
2
What is the millions digit of 327033451?
7
What is the thousands digit of 419310379?
0
What is the ten thousands digit of 752949107?
4
What is the units digit of 88348238?
8
What is the hundreds digit of 76768287?
2
What is the hundreds digit of 366819266?
2
What is the hundreds digit of 2895316945?
9
What is the hundred thousands digit of 91934551?
9
What is the thousands digit of 6537443?
7
What is the hundred millions digit of 6743866985?
7
What is the thousands digit of 1928493519?
3
What is the hundreds digit of 788111185?
1
What is the units digit of 28388222?
2
What is the ten millions digit of 595071840?
9
What is the hundred tho